{"id":1932,"date":"2016-02-03T22:22:47","date_gmt":"2016-02-03T20:22:47","guid":{"rendered":"http:\/\/schulsprengel-sterzing3.it\/grundschule-mittelschule\/?page_id=1932"},"modified":"2024-05-31T13:05:34","modified_gmt":"2024-05-31T11:05:34","slug":"personal","status":"publish","type":"page","link":"https:\/\/schulsprengel-sterzing3.it\/grundschule-mittelschule\/transparente-verwaltung\/personal\/","title":{"rendered":"Personal"},"content":{"rendered":"<p><strong>F\u00fchrungskr\u00e4fte in Spitzenpositionen <\/strong>(Art. 15, Abs. 1, 2, Art. 41, Abs. 2, 3)<br \/>\nF\u00fcr die Schulen nicht zutreffend<\/p>\n<p><strong>F\u00fchrungskr\u00e4fte <\/strong>(Art. 10, Abs. 8, Buchst. d, Art. 15, Abs. 1, 2, 5, Art. 41, Abs. 2, 3)<br \/>\nArmin Haller (in Amtsf\u00fchrung ernannt mit Dekret der Schulamtsleiterin Nr. 13211\/2023 f\u00fcr das Schuljahr 2023\/2024)<br \/>\n<a href=\"https:\/\/schulsprengel-sterzing3.it\/grundschule-mittelschule\/wp-content\/uploads\/2023\/10\/CV_Armin-Haller_aktualisiert-2019.pdf\">Lebenslauf<\/a><br \/>\n<a tabindex=\"-1\" href=\"https:\/\/www.provinz.bz.it\/bildung-sprache\/deutschsprachige-schule\/bildungsverwaltung\/verzeichnis-schulfuehrungskraefte-schulinspektoren.asp\" target=\"_blank\" rel=\"noopener\">Verzeichnis der Schulf\u00fchrungskr\u00e4fte der Schulen staatlicher Art in der Provinz Bozen<\/a><br \/>\n<a tabindex=\"-1\" href=\"https:\/\/www.provinz.bz.it\/bildung-sprache\/deutschsprachige-schule\/bildungsverwaltung\/verzeichnis-schulfuehrungskraefte-schulinspektoren.asp\" target=\"_blank\" rel=\"noopener\">provinz.bz.it\/\u2026\/verzeichnis-schulfuehrungskraefte-schulinspektoren.asp<\/a><\/p>\n<p><a href=\"https:\/\/schulsprengel-sterzing3.it\/grundschule-mittelschule\/wp-content\/uploads\/2023\/10\/Fuehrungsauftrag_2023-2024_SSP-Sterzing-III-Armin-H.pdf\">F\u00fchrungsauftrag Haller Armin 2023-2024_SSP Sterzing III\u00a0<\/a><br \/>\n<a href=\"https:\/\/schulsprengel-sterzing3.it\/grundschule-mittelschule\/wp-content\/uploads\/2023\/10\/Anlage-A-Nichterteilbarkeit-2023.pdf\">Anlage A &#8211; Nichterteilbarkeit 2023<\/a><br \/>\n<a href=\"https:\/\/schulsprengel-sterzing3.it\/grundschule-mittelschule\/wp-content\/uploads\/2023\/10\/Anlage-B-Unvereinbarkeit-2023.pdf\">Anlage B &#8211; Unvereinbarkeit 2023<\/a><br \/>\n<a href=\"https:\/\/schulsprengel-sterzing3.it\/grundschule-mittelschule\/wp-content\/uploads\/2023\/10\/Anlage-C-Erklaerung-2023-weitere-Aemter-und-Verguetungen.pdf\">Anlage C -Erkl\u00e4rung 2023 weitere \u00c4mter und Verg\u00fctungen<\/a><br \/>\n<a href=\"https:\/\/schulsprengel-sterzing3.it\/grundschule-mittelschule\/wp-content\/uploads\/2023\/10\/CV_Armin-Haller_aktualisiert-2019.pdf\">CV_Armin Haller_aktualisiert 2019<\/a><\/p>\n<p><strong>Organisatorische Positionen <\/strong>(Art. 10, Abs. 8, Buchst. d)<br \/>\nVizedirektorin: Ingrid Pichler<br \/>\nSchulstellenleiter GS Wiesen:\u00a0 Chiara Martorelli<br \/>\nSchulstellenleiter GS Kematen:\u00a0 Brigitte Geiser<br \/>\nSchulstellenleiter GS St. Jakob:\u00a0 Sabine Erlacher<br \/>\nSchulstellenleiter GS Trens: Claudia Ainhauser<br \/>\nSchulstellenleiter GS Stilfes: Verena Trenkwalder<br \/>\nSchulstellenleiter GS Mauls:\u00a0 Annemarie Saxl<\/p>\n<p><strong>Verwaltungspersonal<br \/>\n<\/strong>Mair Margarete<br \/>\nWieser Brigitta<br \/>\nW\u00f6rndle Irmgard<br \/>\nPlank Margaret<\/p>\n<p><strong>Stellenplan<\/strong> (Art. 16, Abs. 1, 2)<br \/>\nDiese Daten werden in Zusammenarbeit mit dem f\u00fcr die Ver\u00f6ffentlichungspflichten der Landesverwaltung zust\u00e4ndigen Organisationsamt des Landes und mit der Personalabteilung (so bald als m\u00f6glich) zentral ver\u00f6ffentlicht.<br \/>\n<a href=\"http:\/\/www.provinz.bz.it\/land\/landesverwaltung\/verwaltung\/personal.asp\">http:\/\/www.provinz.bz.it\/land\/landesverwaltung\/verwaltung\/personal.asp<\/a><\/p>\n<p><strong>Personal mit nicht unbefristetem Arbeitsvertrag<\/strong> (Art. 17, Abs. 1, 2)<br \/>\nDiese Daten werden in Zusammenarbeit mit dem f\u00fcr die Ver\u00f6ffentlichungspflichten der Landesverwaltung zust\u00e4ndigen Organisationsamt des Landes und mit der Personalabteilung (so bald als m\u00f6glich) zentral ver\u00f6ffentlicht.<br \/>\n<a href=\"https:\/\/transparente-verwaltung.provinz.bz.it\/de\/home\">http:\/\/www.provinz.bz.it\/land\/landesverwaltung\/verwaltung\/personal.asp<\/a><\/p>\n<p><strong>F\u00fcr die Aufnahme des Lehrpersonals (Landes- und Schulranglisten):<\/strong><br \/>\n<a href=\"https:\/\/www.provinz.bz.it\/bildung-sprache\/deutschsprachige-schule\/bildungsverwaltung\/ranglisten.asp\">Ranglisten | Deutschsprachige Schule | Autonome Provinz Bozen &#8211; S\u00fcdtirol<\/a><\/p>\n<p><strong>Wettbewerbe f\u00fcr das Lehrpersonal und Wettbewerbe f\u00fcr Schulf\u00fchrungskr\u00e4fte:<\/strong><br \/>\n<a href=\"https:\/\/www.provinz.bz.it\/bildung-sprache\/deutschsprachige-schule\/bildungsverwaltung\/wettbewerbe.asp\">Wettbewerbe | Deutschsprachige Schule | Autonome Provinz Bozen &#8211; S\u00fcdtirol<\/a><\/p>\n<p><a href=\"https:\/\/schulsprengel-sterzing3.it\/grundschule-mittelschule\/wp-content\/uploads\/2016\/02\/Kriterien-zur-Vergabe-von-Supplenstellen.pdf\">Kriterien zur Vergabe von Supplenstellen<\/a><\/p>\n<p><strong>Personalkennzahlen zu den Abwesenheiten des Lehrpersonals<\/strong> (Art. 16, Abs. 3)<br \/>\nIm Zeitraum M\u00e4rz 2018 bis Juni 2018 betr\u00e4gt die Personenkennzahl 6,66<br \/>\nIm Zeitraum Juli 2018 bis August 2018 betr\u00e4gt die Personenkennzahl 71,14<br \/>\nIm Zeitraum September 2018 bis November 2018 betr\u00e4gt die Personenkennzahl 11,64<br \/>\nIm Zeitraum Dezember 2018 bis Februar 2019 betr\u00e4gt die Personenkennzahl 14,29<br \/>\nIm Zeitraum September 2019 bis November 2019 betr\u00e4gt die Personenkennzahl 8,93<br \/>\nIm Zeitraum Dezember 2019 bis Februar 2020 betr\u00e4gt die Personenkennzahl 7,88<br \/>\nIm Zeitraum M\u00e4rz 2020 bis Juni 2020 betr\u00e4gt die Personenkennzahl 5,49<br \/>\nIm Zeitraum Juli 2020 bis August 2020 betr\u00e4gt die Personenkennzahl 2,17<br \/>\nIm Zeitraum September 2020 bis November 2020 betr\u00e4gt die Personenkennzahl 10,24<br \/>\nIm Zeitraum Dezember 2020 bis Februar 2021 betr\u00e4gt die Personenkennzahl 8,20<br \/>\nIm Zeitraum M\u00e4rz 2021 bis Juni 2021 betr\u00e4gt die Personenkennzahl 7,13<br \/>\nIm Zeitraum Juli 2021 bis August 2021 betr\u00e4gt die Personenkennzahl 4,55<br \/>\nIm Zeitraum September 2021 bis November 2021 betr\u00e4gt die Personenkennzahl<br \/>\nIm Zeitraum September 2022 bis November 2022 betr\u00e4gt die Personenkennzahl 5,84<br \/>\nIm Zeitraum Dezember 2022 bis Februar 2023 betr\u00e4gt die Personenkennzahl 4,60<br \/>\nIm Zeitraum M\u00e4rz 2023 bis Juni 2023 betr\u00e4gt die Personenkennzahl 4,60<br \/>\nIm Zeitraum Juli 2023 bis August 2023 betr\u00e4gt die Personenkennzahl 2,10<br \/>\nIm Zeitraum September 2023 bis November 2023 betr\u00e4gt die Personenkennzahl 8,49<br \/>\nIm Zeitraum Dezember 2023 bis Februar 2024 betr\u00e4gt die Personenkennzahl<br \/>\nIm Zeitraum M\u00e4rz 2024 bis Mai 2024 betr\u00e4gt die Personenkennzahl 11,46<\/p>\n<p>&nbsp;<\/p>\n<p><strong>An die Bediensteten erteilte und autorisierte Auftr\u00e4ge<\/strong> (Art. 18, Abs. 1)<br \/>\nin Bearbeitung<\/p>\n<p><a href=\"https:\/\/schulsprengel-sterzing3.it\/grundschule-mittelschule\/wp-content\/uploads\/2023\/11\/VD_Veroeffentlichung-Nebentaetigkeit.pdf\">Genehmigte Nebent\u00e4tigkeit<\/a><br \/>\n<a href=\"https:\/\/schulsprengel-sterzing3.it\/grundschule-mittelschule\/wp-content\/uploads\/2023\/10\/5.2.Ernennungen-Schulstellenleiter.pdf\">Ernennungen Schulstellenleiter 2023-24<\/a><br \/>\n<a href=\"https:\/\/schulsprengel-sterzing3.it\/grundschule-mittelschule\/wp-content\/uploads\/2023\/06\/BE-LK-Nr.-04-Koordinatoren-Programme-Schuljahr-2022-23.pdf\">BE-LK Nr. 04 Koordinatoren &#8211; Programme<\/a><br \/>\n<a href=\"https:\/\/schulsprengel-sterzing3.it\/grundschule-mittelschule\/wp-content\/uploads\/2023\/07\/Abram-Christine-Integration-GS.pdf\">Abram Christine &#8211; Integration GS<\/a><br \/>\n<a href=\"https:\/\/schulsprengel-sterzing3.it\/grundschule-mittelschule\/wp-content\/uploads\/2023\/07\/Goegele-Markus-Koordinator-Sport.pdf\">G\u00f6gele Markus &#8211; Koordinator Sport<\/a><br \/>\n<a href=\"https:\/\/schulsprengel-sterzing3.it\/grundschule-mittelschule\/wp-content\/uploads\/2023\/07\/Miola-Luca-Systemadministrator.pdf\">Miola Luca &#8211; Systemadministrator<\/a><br \/>\n<a href=\"https:\/\/schulsprengel-sterzing3.it\/grundschule-mittelschule\/wp-content\/uploads\/2023\/07\/Obwexer-Armin-Oeffentlichkeitsarbeit.pdf\">Obwexer Armin &#8211; \u00d6ffentlichkeitsarbeit<\/a><br \/>\n<a href=\"https:\/\/schulsprengel-sterzing3.it\/grundschule-mittelschule\/wp-content\/uploads\/2023\/07\/Rainer-Birgit-Koordinatorin-Gesundheit.pdf\">Rainer Birgit &#8211; Koordinatorin Gesundheit<\/a><br \/>\n<a href=\"https:\/\/schulsprengel-sterzing3.it\/grundschule-mittelschule\/wp-content\/uploads\/2023\/07\/Rainer-Elisabeth-Schulbau-und-Umzug.pdf\">Rainer Elisabeth &#8211; Schulbau und Umzug<\/a><br \/>\n<a href=\"https:\/\/schulsprengel-sterzing3.it\/grundschule-mittelschule\/wp-content\/uploads\/2023\/07\/Sparber-Karl-Heinz-Neue-Medien-Computer-Wartung.pdf\">Sparber Karl-Heinz &#8211; Neue Medien &#8211; Computer Wartung<\/a><br \/>\n<a href=\"https:\/\/schulsprengel-sterzing3.it\/grundschule-mittelschule\/wp-content\/uploads\/2023\/07\/Teissl-Silvia-Berufsbildung.pdf\">Teissl Silvia &#8211; Berufsbildung<\/a><br \/>\n<a href=\"https:\/\/schulsprengel-sterzing3.it\/grundschule-mittelschule\/wp-content\/uploads\/2023\/07\/Wieser-Elisabeth-Integration-MS.pdf\">Wieser Elisabeth &#8211; Integration MS<\/a><a href=\"https:\/\/schulsprengel-sterzing3.it\/grundschule-mittelschule\/wp-content\/uploads\/2023\/06\/BE-LK-Nr.-04-Koordinatoren-Programme-Schuljahr-2022-23.pdf\">\u00a0<\/a><\/p>\n<p><strong>Kollektivvertragsverhandlungen <\/strong>(Art. 21, Abs. 1)<br \/>\nDie f\u00fcr die Schulf\u00fchrungskraft, das Lehrpersonal und das Verwaltungspersonal der Schulen geltenden Kollektivvertr\u00e4ge werden bereits zentral auf der angegebenen <a href=\"https:\/\/www.provinz.bz.it\/verwaltung\/personal\/personal-landesdienst\/gesetze-bestimmungen\/kollektivvertraege.asp\">Homepage der Landesagentur f\u00fcr Kollektivvertragsverhandlungen<\/a> ver\u00f6ffentlicht<\/p>\n<p><strong>Erg\u00e4nzende Kollektivvertragsverhandlungen <\/strong>(Art. 21, Abs. 2)<br \/>\nEs wird auf folgende Seite der <a href=\"https:\/\/www.provinz.bz.it\/verwaltung\/personal\/personal-landesdienst\/gesetze-bestimmungen\/kollektivvertraege.asp\">Homepage des Deutschen Schulamtes<\/a> verwiesen, auf der u. a. die dezentralen Kollektivvertr\u00e4ge ver\u00f6ffentlicht sind<\/p>\n<p><strong>Interne Kontrollorgane (OIV)<\/strong> (Art. 33 ff, des DLH Nr. 38\/2017)<br \/>\nF\u00fcr diese \u00dcberpr\u00fcfung und Best\u00e4tigung sind in jeder Verwaltung die unabh\u00e4ngigen Bewertungsorgane (sog. \u201eOrganismi indipendenti di valutazione\u201c, OIV) oder Organe mit \u00e4hnlichen Funktionen der jeweiligen K\u00f6rperschaft zust\u00e4ndig. Mit Beschluss Nr. 488 vom 13. Juni 2023 hat die Landesregierung den Dreijahresplan der autonomen Schulen zur Korruptionsvorbeugung und Transparenz f\u00fcr den Zeitraum 2023-2025 angepasst, und beschlossen, dass die \u00dcberpr\u00fcfungs- und Best\u00e4tigungsaufgaben von den Kontrollorganen der Schulen laut Artikel 33 ff. des DLH Nr. 38\/2017 wahrgenommen werden sollen.\u201c<\/p>\n","protected":false},"excerpt":{"rendered":"<p>F\u00fchrungskr\u00e4fte in Spitzenpositionen (Art. 15, Abs. 1, 2, Art. 41, Abs. 2, 3) F\u00fcr die Schulen nicht zutreffend F\u00fchrungskr\u00e4fte (Art. 10, Abs. 8, Buchst. d, Art. 15, Abs. 1, 2, 5, Art. 41, Abs. 2, 3) Armin Haller (in Amtsf\u00fchrung ernannt mit Dekret der Schulamtsleiterin Nr. 13211\/2023 f\u00fcr das Schuljahr 2023\/2024) Lebenslauf Verzeichnis der Schulf\u00fchrungskr\u00e4fte [&hellip;]<\/p>\n","protected":false},"author":1,"featured_media":0,"parent":860,"menu_order":0,"comment_status":"closed","ping_status":"closed","template":"template-fullwidth.php","meta":{"footnotes":""},"class_list":["post-1932","page","type-page","status-publish","hentry"],"_links":{"self":[{"href":"https:\/\/schulsprengel-sterzing3.it\/grundschule-mittelschule\/wp-json\/wp\/v2\/pages\/1932","targetHints":{"allow":["GET"]}}],"collection":[{"href":"https:\/\/schulsprengel-sterzing3.it\/grundschule-mittelschule\/wp-json\/wp\/v2\/pages"}],"about":[{"href":"https:\/\/schulsprengel-sterzing3.it\/grundschule-mittelschule\/wp-json\/wp\/v2\/types\/page"}],"author":[{"embeddable":true,"href":"https:\/\/schulsprengel-sterzing3.it\/grundschule-mittelschule\/wp-json\/wp\/v2\/users\/1"}],"replies":[{"embeddable":true,"href":"https:\/\/schulsprengel-sterzing3.it\/grundschule-mittelschule\/wp-json\/wp\/v2\/comments?post=1932"}],"version-history":[{"count":48,"href":"https:\/\/schulsprengel-sterzing3.it\/grundschule-mittelschule\/wp-json\/wp\/v2\/pages\/1932\/revisions"}],"predecessor-version":[{"id":6302,"href":"https:\/\/schulsprengel-sterzing3.it\/grundschule-mittelschule\/wp-json\/wp\/v2\/pages\/1932\/revisions\/6302"}],"up":[{"embeddable":true,"href":"https:\/\/schulsprengel-sterzing3.it\/grundschule-mittelschule\/wp-json\/wp\/v2\/pages\/860"}],"wp:attachment":[{"href":"https:\/\/schulsprengel-sterzing3.it\/grundschule-mittelschule\/wp-json\/wp\/v2\/media?parent=1932"}],"curies":[{"name":"wp","href":"https:\/\/api.w.org\/{rel}","templated":true}]}}