{"id":2026,"date":"2022-03-16T12:00:05","date_gmt":"2022-03-16T10:00:05","guid":{"rendered":"http:\/\/schulsprengel-sterzing3.it\/grundschule-mittelschule\/?page_id=2026"},"modified":"2024-05-07T10:54:40","modified_gmt":"2024-05-07T08:54:40","slug":"massnahmen","status":"publish","type":"page","link":"https:\/\/schulsprengel-sterzing3.it\/grundschule-mittelschule\/transparente-verwaltung\/massnahmen\/","title":{"rendered":"Ma\u00dfnahmen"},"content":{"rendered":"<p><strong>Ma\u00dfnahmen politischer Organe Art. 23<\/strong><a href=\"https:\/\/schulsprengel-sterzing3.it\/grundschule-mittelschule\/wp-content\/uploads\/2016\/05\/Beschl\u00fcsse-Schulrat-J\u00e4nner-bis-Juni-2016.pdf\"><br \/>\n<\/a><\/p>\n<p><span style=\"color: #547ea8;\"><strong>Beschl\u00fcsse des Schulrates<\/strong><\/span><\/p>\n<p><a tabindex=\"-1\" href=\"https:\/\/schulsprengel-sterzing3.it\/grundschule-mittelschule\/wp-content\/uploads\/2024\/05\/01-29.04.2024-Genehmigung-des-Jahresabschlusses-2023-1.pdf\" target=\"_blank\" rel=\"noopener\">01-29.04.2024-Genehmigung-des-Jahresabschlusses-2023-1.pdf<\/a><br \/>\n<a tabindex=\"-1\" href=\"https:\/\/schulsprengel-sterzing3.it\/grundschule-mittelschule\/wp-content\/uploads\/2024\/05\/02-29.04.2024-Bilanzaenderung-zur-Jahresabschlussrechnung-2023.pdf\" target=\"_blank\" rel=\"noopener\">02-29.04.2024-Bilanzaenderung-zur-Jahresabschlussrechnung-2023.pdf<\/a><\/p>\n<p><a href=\"https:\/\/schulsprengel-sterzing3.it\/grundschule-mittelschule\/wp-content\/uploads\/2024\/01\/Beschluesse-Schulrat-2023.pdf\">Beschl\u00fcsse Schulrat 2023<\/a><br \/>\n<a href=\"https:\/\/schulsprengel-sterzing3.it\/grundschule-mittelschule\/wp-content\/uploads\/2023\/05\/Beschluesse-Schulrat-2022.pdf\">Beschl\u00fcsse Schulrat 2022<\/a><br \/>\n<a href=\"https:\/\/schulsprengel-sterzing3.it\/grundschule-mittelschule\/wp-content\/uploads\/2022\/03\/Beschluesse-Schulrat-2021.pdf\">Beschl\u00fcsse Schulrat 2021<\/a><br \/>\n<a href=\"https:\/\/schulsprengel-sterzing3.it\/grundschule-mittelschule\/wp-content\/uploads\/2022\/03\/Beschluesse-Schulrat-2020.pdf\">Beschl\u00fcsse Schulrat 2020<\/a><br \/>\n<a href=\"https:\/\/schulsprengel-sterzing3.it\/grundschule-mittelschule\/wp-content\/uploads\/2022\/03\/Beschluesse-Schulrat-2019.pdf\">Beschl\u00fcsse Schulrat 2019<\/a><\/p>\n<p><strong>Ma\u00dfnahmen F\u00fchrungskr\u00e4fte Art. 23<\/strong><\/p>\n<p><span style=\"color: #547ea8;\"><strong>Dekrete der Schulf\u00fchrungskraft<\/strong><\/span><\/p>\n<p><a href=\"https:\/\/schulsprengel-sterzing3.it\/grundschule-mittelschule\/wp-content\/uploads\/2024\/01\/Dekrete-der-Schulfuehrungskraft-2023-1.pdf\">Dekrete der Schulf\u00fchrungskraft 2023<\/a><br \/>\n<a href=\"https:\/\/schulsprengel-sterzing3.it\/grundschule-mittelschule\/wp-content\/uploads\/2023\/06\/Dekrete-der-Schulfuehrungskraft-2022.pdf\">Dekrete der Schulf\u00fchrungskraft 2022<\/a><br \/>\n<a tabindex=\"-1\" href=\"https:\/\/schulsprengel-sterzing3.it\/grundschule-mittelschule\/wp-content\/uploads\/2022\/09\/Dekrete-der-Schulfuehrungskraft-2021.pdf\" target=\"_blank\" rel=\"noopener\">Dekrete der Schulf\u00fchrungskraft 2021<\/a><br \/>\n<a href=\"https:\/\/schulsprengel-sterzing3.it\/grundschule-mittelschule\/wp-content\/uploads\/2022\/09\/Dekrete-der-Schulfuehrungskraft-2020.pdf\">Dekrete der Schulf\u00fchrungskraft 2020<\/a><br \/>\n<a tabindex=\"-1\" href=\"https:\/\/schulsprengel-sterzing3.it\/grundschule-mittelschule\/wp-content\/uploads\/2022\/09\/Dekrete-der-Schulfuehrungskraft-2019.pdf\" target=\"_blank\" rel=\"noopener\">Dekrete der Schulf\u00fchrungskraft 2019<\/a><\/p>\n<p><a href=\"https:\/\/schulsprengel-sterzing3.it\/grundschule-mittelschule\/wp-content\/uploads\/2016\/05\/Dekrete-der-Schulf\u00fchrungskraft-2015.pdf\"><br \/>\n<\/a><br \/>\n<a href=\"https:\/\/schulsprengel-sterzing3.it\/grundschule-mittelschule\/wp-content\/uploads\/2016\/05\/Dekrete-der-Schulf\u00fchrungskraft-2015.pdf\"><br \/>\n<\/a><a href=\"https:\/\/schulsprengel-sterzing3.it\/grundschule-mittelschule\/wp-content\/uploads\/2016\/05\/Dekrete-der-Schulf\u00fchrungskraft-2014.pdf\"><br \/>\n<\/a><\/p>\n<p>&nbsp;<\/p>\n<p>&nbsp;<\/p>\n<p>&nbsp;<\/p>\n","protected":false},"excerpt":{"rendered":"<p>Ma\u00dfnahmen politischer Organe Art. 23 Beschl\u00fcsse des Schulrates 01-29.04.2024-Genehmigung-des-Jahresabschlusses-2023-1.pdf 02-29.04.2024-Bilanzaenderung-zur-Jahresabschlussrechnung-2023.pdf Beschl\u00fcsse Schulrat 2023 Beschl\u00fcsse Schulrat 2022 Beschl\u00fcsse Schulrat 2021 Beschl\u00fcsse Schulrat 2020 Beschl\u00fcsse Schulrat 2019 Ma\u00dfnahmen F\u00fchrungskr\u00e4fte Art. 23 Dekrete der Schulf\u00fchrungskraft Dekrete der Schulf\u00fchrungskraft 2023 Dekrete der Schulf\u00fchrungskraft 2022 Dekrete der Schulf\u00fchrungskraft 2021 Dekrete der Schulf\u00fchrungskraft 2020 Dekrete der Schulf\u00fchrungskraft 2019 &nbsp; &nbsp; &nbsp;<\/p>\n","protected":false},"author":1,"featured_media":0,"parent":860,"menu_order":0,"comment_status":"closed","ping_status":"closed","template":"","meta":{"footnotes":""},"class_list":["post-2026","page","type-page","status-publish","hentry"],"_links":{"self":[{"href":"https:\/\/schulsprengel-sterzing3.it\/grundschule-mittelschule\/wp-json\/wp\/v2\/pages\/2026","targetHints":{"allow":["GET"]}}],"collection":[{"href":"https:\/\/schulsprengel-sterzing3.it\/grundschule-mittelschule\/wp-json\/wp\/v2\/pages"}],"about":[{"href":"https:\/\/schulsprengel-sterzing3.it\/grundschule-mittelschule\/wp-json\/wp\/v2\/types\/page"}],"author":[{"embeddable":true,"href":"https:\/\/schulsprengel-sterzing3.it\/grundschule-mittelschule\/wp-json\/wp\/v2\/users\/1"}],"replies":[{"embeddable":true,"href":"https:\/\/schulsprengel-sterzing3.it\/grundschule-mittelschule\/wp-json\/wp\/v2\/comments?post=2026"}],"version-history":[{"count":38,"href":"https:\/\/schulsprengel-sterzing3.it\/grundschule-mittelschule\/wp-json\/wp\/v2\/pages\/2026\/revisions"}],"predecessor-version":[{"id":6296,"href":"https:\/\/schulsprengel-sterzing3.it\/grundschule-mittelschule\/wp-json\/wp\/v2\/pages\/2026\/revisions\/6296"}],"up":[{"embeddable":true,"href":"https:\/\/schulsprengel-sterzing3.it\/grundschule-mittelschule\/wp-json\/wp\/v2\/pages\/860"}],"wp:attachment":[{"href":"https:\/\/schulsprengel-sterzing3.it\/grundschule-mittelschule\/wp-json\/wp\/v2\/media?parent=2026"}],"curies":[{"name":"wp","href":"https:\/\/api.w.org\/{rel}","templated":true}]}}