{"id":5003,"date":"2022-07-18T14:10:15","date_gmt":"2022-07-18T12:10:15","guid":{"rendered":"http:\/\/schulsprengel-sterzing3.it\/grundschule-mittelschule\/?page_id=5003"},"modified":"2022-08-09T11:44:50","modified_gmt":"2022-08-09T09:44:50","slug":"ermaechtigungen-2022","status":"publish","type":"page","link":"https:\/\/schulsprengel-sterzing3.it\/grundschule-mittelschule\/transparente-verwaltung\/ausschreibungen-und-vertraege\/ermaechtigungen-2022\/","title":{"rendered":"Erm\u00e4chtigungen 2022"},"content":{"rendered":"<h4>Erm\u00e4chtigung\u00a0 betreffend den Abschluss eines direkten Vertrages f\u00fcr Lieferungen und Dienstleistungen gem\u00e4\u00df dem Kodex der Vertr\u00e4ge<\/h4>\n<p><a href=\"https:\/\/schulsprengel-sterzing3.it\/grundschule-mittelschule\/wp-content\/uploads\/2022\/07\/01-Ermaechtigung.pdf\">01 Erm\u00e4chtigung<\/a> <a href=\"https:\/\/schulsprengel-sterzing3.it\/grundschule-mittelschule\/wp-content\/uploads\/2022\/07\/02-Ermaechtigung.pdf\">02 Erm\u00e4chtigung<\/a> <a href=\"https:\/\/schulsprengel-sterzing3.it\/grundschule-mittelschule\/wp-content\/uploads\/2022\/07\/03-Ermaechtigung.pdf\">03 Erm\u00e4chtigung<\/a> <a href=\"https:\/\/schulsprengel-sterzing3.it\/grundschule-mittelschule\/wp-content\/uploads\/2022\/07\/04-Ermaechtigung.pdf\">04 Erm\u00e4chtigung<\/a> <a href=\"https:\/\/schulsprengel-sterzing3.it\/grundschule-mittelschule\/wp-content\/uploads\/2022\/07\/05-Ermaechtigung.pdf\">05 Erm\u00e4chtigung<\/a> <a href=\"https:\/\/schulsprengel-sterzing3.it\/grundschule-mittelschule\/wp-content\/uploads\/2022\/07\/06-Ermaechtigung.pdf\">06 Erm\u00e4chtigung<\/a> <a href=\"https:\/\/schulsprengel-sterzing3.it\/grundschule-mittelschule\/wp-content\/uploads\/2022\/07\/07-Ermaechtigung.pdf\">07 Erm\u00e4chtigung<\/a> <a href=\"https:\/\/schulsprengel-sterzing3.it\/grundschule-mittelschule\/wp-content\/uploads\/2022\/07\/08-Ermaechtigung.pdf\">08 Erm\u00e4chtigung<\/a> <a href=\"https:\/\/schulsprengel-sterzing3.it\/grundschule-mittelschule\/wp-content\/uploads\/2022\/07\/10-Ermaechtigung.pdf\">10 Erm\u00e4chtigung<\/a> <a href=\"https:\/\/schulsprengel-sterzing3.it\/grundschule-mittelschule\/wp-content\/uploads\/2022\/07\/09-Ermaechtigung.pdf\">09 Erm\u00e4chtigung<\/a> <a href=\"https:\/\/schulsprengel-sterzing3.it\/grundschule-mittelschule\/wp-content\/uploads\/2022\/07\/10a-Ermaechtigung.pdf\">10a Erm\u00e4chtigung<\/a> <a href=\"https:\/\/schulsprengel-sterzing3.it\/grundschule-mittelschule\/wp-content\/uploads\/2022\/07\/11-Ermaechtigung.pdf\">11 Erm\u00e4chtigung<\/a> <a href=\"https:\/\/schulsprengel-sterzing3.it\/grundschule-mittelschule\/wp-content\/uploads\/2022\/07\/12-Ermaechtigung.pdf\">12 Erm\u00e4chtigung<\/a> <a href=\"https:\/\/schulsprengel-sterzing3.it\/grundschule-mittelschule\/wp-content\/uploads\/2022\/07\/13-Ermaechtigung.pdf\">13 Erm\u00e4chtigung<\/a> <a href=\"https:\/\/schulsprengel-sterzing3.it\/grundschule-mittelschule\/wp-content\/uploads\/2022\/07\/14-Ermaechtigung.pdf\">14 Erm\u00e4chtigung<\/a> <a href=\"https:\/\/schulsprengel-sterzing3.it\/grundschule-mittelschule\/wp-content\/uploads\/2022\/07\/15-Ermaechtigung.pdf\">15 Erm\u00e4chtigung<\/a> <a href=\"https:\/\/schulsprengel-sterzing3.it\/grundschule-mittelschule\/wp-content\/uploads\/2022\/07\/16-Ermaechtigung.pdf\">16 Erm\u00e4chtigung<\/a> <a href=\"https:\/\/schulsprengel-sterzing3.it\/grundschule-mittelschule\/wp-content\/uploads\/2022\/07\/17-Ermaechtigung.pdf\">17 Erm\u00e4chtigung<\/a> <a href=\"https:\/\/schulsprengel-sterzing3.it\/grundschule-mittelschule\/wp-content\/uploads\/2022\/07\/18-Ermaechtigung-.pdf\">18 Erm\u00e4chtigung<\/a> <a href=\"https:\/\/schulsprengel-sterzing3.it\/grundschule-mittelschule\/wp-content\/uploads\/2022\/07\/19-Ermaechtigung.pdf\">19 Erm\u00e4chtigung<\/a> <a href=\"https:\/\/schulsprengel-sterzing3.it\/grundschule-mittelschule\/wp-content\/uploads\/2022\/07\/20-Ermaechtigung.pdf\">20 Erm\u00e4chtigung<\/a> <a href=\"https:\/\/schulsprengel-sterzing3.it\/grundschule-mittelschule\/wp-content\/uploads\/2022\/07\/21-Ermaechtigung.pdf\">21 Erm\u00e4chtigung<\/a> <a href=\"https:\/\/schulsprengel-sterzing3.it\/grundschule-mittelschule\/wp-content\/uploads\/2022\/07\/29-Ermaechtigung.pdf\">29 Erm\u00e4chtigung<\/a> <a href=\"https:\/\/schulsprengel-sterzing3.it\/grundschule-mittelschule\/wp-content\/uploads\/2022\/07\/30-Ermaechtigung.pdf\">30 Erm\u00e4chtigung<\/a> <a href=\"https:\/\/schulsprengel-sterzing3.it\/grundschule-mittelschule\/wp-content\/uploads\/2022\/07\/31-Ermaechtigung.pdf\">31 Erm\u00e4chtigung<\/a> <a href=\"https:\/\/schulsprengel-sterzing3.it\/grundschule-mittelschule\/wp-content\/uploads\/2022\/07\/32-Ermaechtigung.pdf\">32 Erm\u00e4chtigung<\/a> <a href=\"https:\/\/schulsprengel-sterzing3.it\/grundschule-mittelschule\/wp-content\/uploads\/2022\/07\/33-Ermaechtigung.pdf\">33 Erm\u00e4chtigung<\/a> <a href=\"https:\/\/schulsprengel-sterzing3.it\/grundschule-mittelschule\/wp-content\/uploads\/2022\/07\/34-Ermaechtigung.pdf\">34 Erm\u00e4chtigung<\/a> <a href=\"https:\/\/schulsprengel-sterzing3.it\/grundschule-mittelschule\/wp-content\/uploads\/2022\/07\/35-Ermaechtigung.pdf\">35 Erm\u00e4chtigung<\/a> <a href=\"https:\/\/schulsprengel-sterzing3.it\/grundschule-mittelschule\/wp-content\/uploads\/2022\/07\/36-Ermaechtigung.pdf\">36 Erm\u00e4chtigung<\/a> <a href=\"https:\/\/schulsprengel-sterzing3.it\/grundschule-mittelschule\/wp-content\/uploads\/2022\/07\/37-Ermaechtigung.pdf\">37 Erm\u00e4chtigung<\/a> <a href=\"https:\/\/schulsprengel-sterzing3.it\/grundschule-mittelschule\/wp-content\/uploads\/2022\/07\/38-Ermaechtigung.pdf\">38 Erm\u00e4chtigung<\/a> <a href=\"https:\/\/schulsprengel-sterzing3.it\/grundschule-mittelschule\/wp-content\/uploads\/2022\/07\/39-Ermaechtigung.pdf\">39 Erm\u00e4chtigung<\/a> <a href=\"https:\/\/schulsprengel-sterzing3.it\/grundschule-mittelschule\/wp-content\/uploads\/2022\/07\/40-Ermaechtigung.pdf\">40 Erm\u00e4chtigung<\/a> <a href=\"https:\/\/schulsprengel-sterzing3.it\/grundschule-mittelschule\/wp-content\/uploads\/2022\/07\/41-Ermaechtigung.pdf\">41 Erm\u00e4chtigung<\/a> <a href=\"https:\/\/schulsprengel-sterzing3.it\/grundschule-mittelschule\/wp-content\/uploads\/2022\/07\/42-Ermaechtigung.pdf\">42 Erm\u00e4chtigung<\/a> <a href=\"https:\/\/schulsprengel-sterzing3.it\/grundschule-mittelschule\/wp-content\/uploads\/2022\/07\/43-Ermaechtigung.pdf\">43 Erm\u00e4chtigung<\/a> <a href=\"https:\/\/schulsprengel-sterzing3.it\/grundschule-mittelschule\/wp-content\/uploads\/2022\/07\/44-Ermaechtigung.pdf\">44 Erm\u00e4chtigung<\/a> <a href=\"https:\/\/schulsprengel-sterzing3.it\/grundschule-mittelschule\/wp-content\/uploads\/2022\/07\/45-Ermaechtigung.pdf\">45 Erm\u00e4chtigung<\/a> <a href=\"https:\/\/schulsprengel-sterzing3.it\/grundschule-mittelschule\/wp-content\/uploads\/2022\/07\/46-Ermaechtigung.pdf\">46 Erm\u00e4chtigung<\/a> <a href=\"https:\/\/schulsprengel-sterzing3.it\/grundschule-mittelschule\/wp-content\/uploads\/2022\/07\/47-Ermaechtigung.pdf\">47 Erm\u00e4chtigung<\/a> <a href=\"https:\/\/schulsprengel-sterzing3.it\/grundschule-mittelschule\/wp-content\/uploads\/2022\/07\/48-Ermaechtigung.pdf\">48 Erm\u00e4chtigung<\/a> <a href=\"https:\/\/schulsprengel-sterzing3.it\/grundschule-mittelschule\/wp-content\/uploads\/2022\/07\/49-Ermaechtgung.pdf\">49 Erm\u00e4chtigung<\/a> <a href=\"https:\/\/schulsprengel-sterzing3.it\/grundschule-mittelschule\/wp-content\/uploads\/2022\/07\/50-Ermaechtigung.pdf\">50 Erm\u00e4chtigung<\/a> <a href=\"https:\/\/schulsprengel-sterzing3.it\/grundschule-mittelschule\/wp-content\/uploads\/2022\/07\/51-Ermaechtigung.pdf\">51 Erm\u00e4chtigung<\/a> <a href=\"https:\/\/schulsprengel-sterzing3.it\/grundschule-mittelschule\/wp-content\/uploads\/2022\/07\/52-Ermaechtigung.pdf\">52 Erm\u00e4chtigung<\/a> <a href=\"https:\/\/schulsprengel-sterzing3.it\/grundschule-mittelschule\/wp-content\/uploads\/2022\/07\/53-Ermaechtigung.pdf\">53 Erm\u00e4chtigung<\/a> <a href=\"https:\/\/schulsprengel-sterzing3.it\/grundschule-mittelschule\/wp-content\/uploads\/2022\/07\/54-Ermaechtigung.pdf\">54 Erm\u00e4chtigung<\/a> <a href=\"https:\/\/schulsprengel-sterzing3.it\/grundschule-mittelschule\/wp-content\/uploads\/2022\/07\/55-Ermaechtigung.pdf\">55 Erm\u00e4chtigung<\/a> <a href=\"https:\/\/schulsprengel-sterzing3.it\/grundschule-mittelschule\/wp-content\/uploads\/2022\/07\/56-Ermaechtigung.pdf\">56 Erm\u00e4chtigung <\/a><a href=\"https:\/\/schulsprengel-sterzing3.it\/grundschule-mittelschule\/wp-content\/uploads\/2022\/08\/57-Ermaechtigung.pdf\">57 Erm\u00e4chtigung <\/a><a href=\"https:\/\/schulsprengel-sterzing3.it\/grundschule-mittelschule\/wp-content\/uploads\/2022\/08\/58-Ermaechtigung.pdf\">58 Erm\u00e4chtigung<\/a><a href=\"https:\/\/schulsprengel-sterzing3.it\/grundschule-mittelschule\/wp-content\/uploads\/2022\/08\/59-Ermaechtigung.pdf\">5 9 Erm\u00e4chtigung <\/a><a href=\"https:\/\/schulsprengel-sterzing3.it\/grundschule-mittelschule\/wp-content\/uploads\/2022\/08\/60-Ermaechtigung.pdf\">60 Erm\u00e4chtigung <\/a><a href=\"https:\/\/schulsprengel-sterzing3.it\/grundschule-mittelschule\/wp-content\/uploads\/2022\/08\/61-Ermaechtigung.pdf\">61 Erm\u00e4chtigung <\/a><a href=\"https:\/\/schulsprengel-sterzing3.it\/grundschule-mittelschule\/wp-content\/uploads\/2022\/08\/62-Ermaechtigung.pdf\">62 Erm\u00e4chtigung <\/a><a href=\"https:\/\/schulsprengel-sterzing3.it\/grundschule-mittelschule\/wp-content\/uploads\/2022\/08\/63-Ermaechtigung.pdf\">63 Erm\u00e4chtigung <\/a><a href=\"https:\/\/schulsprengel-sterzing3.it\/grundschule-mittelschule\/wp-content\/uploads\/2022\/08\/64-Ermaechtigung.pdf\">64 Erm\u00e4chtigung <\/a><a href=\"https:\/\/schulsprengel-sterzing3.it\/grundschule-mittelschule\/wp-content\/uploads\/2022\/08\/65-Ermaechtigung.pdf\">65 Erm\u00e4chtigung <\/a><a href=\"https:\/\/schulsprengel-sterzing3.it\/grundschule-mittelschule\/wp-content\/uploads\/2022\/08\/66-Ermaechtigung.pdf\">66 Erm\u00e4chtigung <\/a><a href=\"https:\/\/schulsprengel-sterzing3.it\/grundschule-mittelschule\/wp-content\/uploads\/2022\/08\/67-Errmaechtigung.pdf\">67 Errm\u00e4chtigung <\/a><a href=\"https:\/\/schulsprengel-sterzing3.it\/grundschule-mittelschule\/wp-content\/uploads\/2022\/08\/69-Ermaechtigung.pdf\">69 Erm\u00e4chtigung <\/a><a href=\"https:\/\/schulsprengel-sterzing3.it\/grundschule-mittelschule\/wp-content\/uploads\/2022\/08\/70-Ermaechtigung.pdf\">70 Erm\u00e4chtigung <\/a><a href=\"https:\/\/schulsprengel-sterzing3.it\/grundschule-mittelschule\/wp-content\/uploads\/2022\/08\/71-Ermaechtigung.pdf\">71 Erm\u00e4chtigung <\/a><a href=\"https:\/\/schulsprengel-sterzing3.it\/grundschule-mittelschule\/wp-content\/uploads\/2022\/08\/72-Ermaechtigung.pdf\">72 Erm\u00e4chtigung <\/a><a href=\"https:\/\/schulsprengel-sterzing3.it\/grundschule-mittelschule\/wp-content\/uploads\/2022\/08\/73-Ermaechtigung.pdf\">73 Erm\u00e4chtigung <\/a><a href=\"https:\/\/schulsprengel-sterzing3.it\/grundschule-mittelschule\/wp-content\/uploads\/2022\/08\/74-Ermaechtigung.pdf\">74 Erm\u00e4chtigung <\/a><a href=\"https:\/\/schulsprengel-sterzing3.it\/grundschule-mittelschule\/wp-content\/uploads\/2022\/08\/75-Ermaechtigung.pdf\">75 Erm\u00e4chtigung <\/a><a href=\"https:\/\/schulsprengel-sterzing3.it\/grundschule-mittelschule\/wp-content\/uploads\/2022\/08\/76-Ermaechtigung.pdf\">76 Erm\u00e4chtigung<\/a><\/p>\n","protected":false},"excerpt":{"rendered":"<p>Erm\u00e4chtigung\u00a0 betreffend den Abschluss eines direkten Vertrages f\u00fcr Lieferungen und Dienstleistungen gem\u00e4\u00df dem Kodex der Vertr\u00e4ge 01 Erm\u00e4chtigung 02 Erm\u00e4chtigung 03 Erm\u00e4chtigung 04 Erm\u00e4chtigung 05 Erm\u00e4chtigung 06 Erm\u00e4chtigung 07 Erm\u00e4chtigung 08 Erm\u00e4chtigung 10 Erm\u00e4chtigung 09 Erm\u00e4chtigung 10a Erm\u00e4chtigung 11 Erm\u00e4chtigung 12 Erm\u00e4chtigung 13 Erm\u00e4chtigung 14 Erm\u00e4chtigung 15 Erm\u00e4chtigung 16 Erm\u00e4chtigung 17 Erm\u00e4chtigung 18 Erm\u00e4chtigung 19 [&hellip;]<\/p>\n","protected":false},"author":1,"featured_media":0,"parent":1514,"menu_order":0,"comment_status":"closed","ping_status":"closed","template":"","meta":{"footnotes":""},"class_list":["post-5003","page","type-page","status-publish","hentry"],"_links":{"self":[{"href":"https:\/\/schulsprengel-sterzing3.it\/grundschule-mittelschule\/wp-json\/wp\/v2\/pages\/5003","targetHints":{"allow":["GET"]}}],"collection":[{"href":"https:\/\/schulsprengel-sterzing3.it\/grundschule-mittelschule\/wp-json\/wp\/v2\/pages"}],"about":[{"href":"https:\/\/schulsprengel-sterzing3.it\/grundschule-mittelschule\/wp-json\/wp\/v2\/types\/page"}],"author":[{"embeddable":true,"href":"https:\/\/schulsprengel-sterzing3.it\/grundschule-mittelschule\/wp-json\/wp\/v2\/users\/1"}],"replies":[{"embeddable":true,"href":"https:\/\/schulsprengel-sterzing3.it\/grundschule-mittelschule\/wp-json\/wp\/v2\/comments?post=5003"}],"version-history":[{"count":6,"href":"https:\/\/schulsprengel-sterzing3.it\/grundschule-mittelschule\/wp-json\/wp\/v2\/pages\/5003\/revisions"}],"predecessor-version":[{"id":5030,"href":"https:\/\/schulsprengel-sterzing3.it\/grundschule-mittelschule\/wp-json\/wp\/v2\/pages\/5003\/revisions\/5030"}],"up":[{"embeddable":true,"href":"https:\/\/schulsprengel-sterzing3.it\/grundschule-mittelschule\/wp-json\/wp\/v2\/pages\/1514"}],"wp:attachment":[{"href":"https:\/\/schulsprengel-sterzing3.it\/grundschule-mittelschule\/wp-json\/wp\/v2\/media?parent=5003"}],"curies":[{"name":"wp","href":"https:\/\/api.w.org\/{rel}","templated":true}]}}