{"id":5115,"date":"2022-10-13T15:53:48","date_gmt":"2022-10-13T13:53:48","guid":{"rendered":"http:\/\/schulsprengel-sterzing3.it\/grundschule-mittelschule\/?page_id=5115"},"modified":"2023-10-19T09:12:10","modified_gmt":"2023-10-19T07:12:10","slug":"zahlungen-nach-ausgabencode","status":"publish","type":"page","link":"https:\/\/schulsprengel-sterzing3.it\/grundschule-mittelschule\/transparente-verwaltung\/zahlungen-der-verwaltung\/zahlungen-nach-ausgabencode\/","title":{"rendered":"Zahlungen nach Ausgabencode"},"content":{"rendered":"<p><a href=\"https:\/\/schulsprengel-sterzing3.it\/grundschule-mittelschule\/wp-content\/uploads\/2022\/10\/2018-Liste-Aufwaende-Lieferanten.xls\">2018 Liste Aufw\u00e4nde &#8211; Lieferanten<\/a><br \/>\n<a href=\"https:\/\/schulsprengel-sterzing3.it\/grundschule-mittelschule\/wp-content\/uploads\/2022\/10\/2019-Liste-Aufwaende-Lieferanten.xls\">2019 Liste Aufw\u00e4nde &#8211; Lieferanten<\/a><br \/>\n<a href=\"https:\/\/schulsprengel-sterzing3.it\/grundschule-mittelschule\/wp-content\/uploads\/2022\/10\/2020-Liste-Aufwaende-Lieferanten.xls\">2020 Liste Aufw\u00e4nde &#8211; Lieferanten<\/a><br \/>\n<a href=\"https:\/\/schulsprengel-sterzing3.it\/grundschule-mittelschule\/wp-content\/uploads\/2022\/10\/2021-Liste-Aufwaende-Lieferanten.xls\">2021 Liste Aufw\u00e4nde &#8211; Lieferanten<\/a><br \/>\n<a href=\"https:\/\/schulsprengel-sterzing3.it\/grundschule-mittelschule\/wp-content\/uploads\/2023\/10\/2022-Liste-Aufwaende-Lieferanten.xls\">2022 Liste Aufw\u00e4nde &#8211; Lieferanten<\/a><br \/>\n<a tabindex=\"-1\" href=\"https:\/\/schulsprengel-sterzing3.it\/grundschule-mittelschule\/wp-content\/uploads\/2023\/10\/2023-Jaenner-Maerz-Liste-Aufwaende-Lieferanten.xls\" target=\"_blank\" rel=\"noopener\">2023-J\u00e4nner-M\u00e4rz Liste Aufw\u00e4nde &#8211; Lieferanten<\/a><br \/>\n<a href=\"https:\/\/schulsprengel-sterzing3.it\/grundschule-mittelschule\/wp-content\/uploads\/2023\/10\/2023-April-Juni-Liste-Aufwaende-Lieferanten.xls\">2023 April &#8211; Juni Liste Aufw\u00e4nde &#8211; Lieferanten<\/a><br \/>\n<a href=\"https:\/\/schulsprengel-sterzing3.it\/grundschule-mittelschule\/wp-content\/uploads\/2023\/10\/2023-Jaenner-Maerz-Liste-Aufwaende-Lieferanten.xls\">2023 J\u00e4nner &#8211; M\u00e4rz Liste Aufw\u00e4nde &#8211; Lieferanten<\/a><br \/>\n<a href=\"https:\/\/schulsprengel-sterzing3.it\/grundschule-mittelschule\/wp-content\/uploads\/2023\/10\/2023-Juli-September-Liste-Aufwaende-Lieferanten.xls\">2023 Juli &#8211; September Liste Aufw\u00e4nde &#8211; Lieferanten<\/a><\/p>\n","protected":false},"excerpt":{"rendered":"<p>2018 Liste Aufw\u00e4nde &#8211; Lieferanten 2019 Liste Aufw\u00e4nde &#8211; Lieferanten 2020 Liste Aufw\u00e4nde &#8211; Lieferanten 2021 Liste Aufw\u00e4nde &#8211; Lieferanten 2022 Liste Aufw\u00e4nde &#8211; Lieferanten 2023-J\u00e4nner-M\u00e4rz Liste Aufw\u00e4nde &#8211; Lieferanten 2023 April &#8211; Juni Liste Aufw\u00e4nde &#8211; Lieferanten 2023 J\u00e4nner &#8211; M\u00e4rz Liste Aufw\u00e4nde &#8211; Lieferanten 2023 Juli &#8211; September Liste Aufw\u00e4nde &#8211; Lieferanten<\/p>\n","protected":false},"author":1,"featured_media":0,"parent":1796,"menu_order":0,"comment_status":"closed","ping_status":"closed","template":"","meta":{"footnotes":""},"class_list":["post-5115","page","type-page","status-publish","hentry"],"_links":{"self":[{"href":"https:\/\/schulsprengel-sterzing3.it\/grundschule-mittelschule\/wp-json\/wp\/v2\/pages\/5115","targetHints":{"allow":["GET"]}}],"collection":[{"href":"https:\/\/schulsprengel-sterzing3.it\/grundschule-mittelschule\/wp-json\/wp\/v2\/pages"}],"about":[{"href":"https:\/\/schulsprengel-sterzing3.it\/grundschule-mittelschule\/wp-json\/wp\/v2\/types\/page"}],"author":[{"embeddable":true,"href":"https:\/\/schulsprengel-sterzing3.it\/grundschule-mittelschule\/wp-json\/wp\/v2\/users\/1"}],"replies":[{"embeddable":true,"href":"https:\/\/schulsprengel-sterzing3.it\/grundschule-mittelschule\/wp-json\/wp\/v2\/comments?post=5115"}],"version-history":[{"count":5,"href":"https:\/\/schulsprengel-sterzing3.it\/grundschule-mittelschule\/wp-json\/wp\/v2\/pages\/5115\/revisions"}],"predecessor-version":[{"id":6060,"href":"https:\/\/schulsprengel-sterzing3.it\/grundschule-mittelschule\/wp-json\/wp\/v2\/pages\/5115\/revisions\/6060"}],"up":[{"embeddable":true,"href":"https:\/\/schulsprengel-sterzing3.it\/grundschule-mittelschule\/wp-json\/wp\/v2\/pages\/1796"}],"wp:attachment":[{"href":"https:\/\/schulsprengel-sterzing3.it\/grundschule-mittelschule\/wp-json\/wp\/v2\/media?parent=5115"}],"curies":[{"name":"wp","href":"https:\/\/api.w.org\/{rel}","templated":true}]}}