{"id":5233,"date":"2023-02-28T19:25:15","date_gmt":"2023-02-28T17:25:15","guid":{"rendered":"https:\/\/schulsprengel-sterzing3.it\/grundschule-mittelschule\/?page_id=5233"},"modified":"2024-01-03T09:26:16","modified_gmt":"2024-01-03T07:26:16","slug":"ermaechtigungen-2023","status":"publish","type":"page","link":"https:\/\/schulsprengel-sterzing3.it\/grundschule-mittelschule\/transparente-verwaltung\/ausschreibungen-und-vertraege\/ermaechtigungen-2023\/","title":{"rendered":"Erm\u00e4chtigungen 2023"},"content":{"rendered":"<p><a href=\"https:\/\/schulsprengel-sterzing3.it\/grundschule-mittelschule\/wp-content\/uploads\/2023\/02\/01-Ermaechtigung.pdf\">01 Erm\u00e4chtigung<\/a> <a href=\"https:\/\/schulsprengel-sterzing3.it\/grundschule-mittelschule\/wp-content\/uploads\/2023\/02\/02-Ermaechtigung.pdf\">02 Erm\u00e4chtigung<\/a> <a href=\"https:\/\/schulsprengel-sterzing3.it\/grundschule-mittelschule\/wp-content\/uploads\/2023\/02\/03-Ermaechtigung.pdf\">03 Erm\u00e4chtigung<\/a> <a href=\"https:\/\/schulsprengel-sterzing3.it\/grundschule-mittelschule\/wp-content\/uploads\/2023\/02\/04-Ermaechtigung.pdf\">04 Erm\u00e4chtigung<\/a> <a href=\"https:\/\/schulsprengel-sterzing3.it\/grundschule-mittelschule\/wp-content\/uploads\/2023\/02\/06-Ermaechtigung.pdf\">06 Erm\u00e4chtigung<\/a> <a href=\"https:\/\/schulsprengel-sterzing3.it\/grundschule-mittelschule\/wp-content\/uploads\/2023\/02\/05-Ermaechtigung.pdf\">05 Erm\u00e4chtigung<\/a> <a href=\"https:\/\/schulsprengel-sterzing3.it\/grundschule-mittelschule\/wp-content\/uploads\/2023\/02\/07-Ermaechtigung.pdf\">07 Erm\u00e4chtigung<\/a> <a href=\"https:\/\/schulsprengel-sterzing3.it\/grundschule-mittelschule\/wp-content\/uploads\/2023\/02\/08-Ermaechtigung.pdf\">08 Erm\u00e4chtigung<\/a> <a href=\"https:\/\/schulsprengel-sterzing3.it\/grundschule-mittelschule\/wp-content\/uploads\/2023\/02\/09-Ermaechtigung.pdf\">09 Erm\u00e4chtigung<\/a> <a href=\"https:\/\/schulsprengel-sterzing3.it\/grundschule-mittelschule\/wp-content\/uploads\/2023\/02\/10-Ermaechtigung.pdf\">10 Erm\u00e4chtigung<\/a> <a href=\"https:\/\/schulsprengel-sterzing3.it\/grundschule-mittelschule\/wp-content\/uploads\/2023\/02\/11-Ermaechtigung.pdf\">11 Erm\u00e4chtigung<\/a> <a href=\"https:\/\/schulsprengel-sterzing3.it\/grundschule-mittelschule\/wp-content\/uploads\/2023\/02\/12-Ermaechtigung.pdf\">12 Erm\u00e4chtigung<\/a> <a href=\"https:\/\/schulsprengel-sterzing3.it\/grundschule-mittelschule\/wp-content\/uploads\/2023\/02\/13-Ermaechtigung.pdf\">13 Erm\u00e4chtigung<\/a> <a href=\"https:\/\/schulsprengel-sterzing3.it\/grundschule-mittelschule\/wp-content\/uploads\/2023\/02\/14-Ermaechtigung.pdf\">14 Erm\u00e4chtigung<\/a> <a href=\"https:\/\/schulsprengel-sterzing3.it\/grundschule-mittelschule\/wp-content\/uploads\/2023\/02\/16-Ermaechtigung.pdf\">16 Erm\u00e4chtigung<\/a> <a href=\"https:\/\/schulsprengel-sterzing3.it\/grundschule-mittelschule\/wp-content\/uploads\/2023\/02\/15-Ermaechtigung.pdf\">15 Erm\u00e4chtigung<\/a> <a href=\"https:\/\/schulsprengel-sterzing3.it\/grundschule-mittelschule\/wp-content\/uploads\/2023\/02\/17-Ermaechtigung.pdf\">17 Erm\u00e4chtigung<\/a><a href=\"https:\/\/schulsprengel-sterzing3.it\/grundschule-mittelschule\/wp-content\/uploads\/2023\/03\/18-Ermaechtigung.pdf\">18 Erm\u00e4chtigung<\/a> <a href=\"https:\/\/schulsprengel-sterzing3.it\/grundschule-mittelschule\/wp-content\/uploads\/2023\/03\/19-Ermaechtigung.pdf\">19 Erm\u00e4chtigung<\/a> <a href=\"https:\/\/schulsprengel-sterzing3.it\/grundschule-mittelschule\/wp-content\/uploads\/2023\/03\/20-Ermaechtigung.pdf\">20 Erm\u00e4chtigung<\/a> <a href=\"https:\/\/schulsprengel-sterzing3.it\/grundschule-mittelschule\/wp-content\/uploads\/2023\/03\/21-Ermaechtigung.pdf\">21 Erm\u00e4chtigung<\/a> <a href=\"https:\/\/schulsprengel-sterzing3.it\/grundschule-mittelschule\/wp-content\/uploads\/2023\/03\/22-Ermaechtigung.pdf\">22 Erm\u00e4chtigung<\/a> <a href=\"https:\/\/schulsprengel-sterzing3.it\/grundschule-mittelschule\/wp-content\/uploads\/2023\/03\/23-Ermaechtigung.pdf\">23 Erm\u00e4chtigung<\/a> <a href=\"https:\/\/schulsprengel-sterzing3.it\/grundschule-mittelschule\/wp-content\/uploads\/2023\/03\/24-Ermaechtigung.pdf\">24 Erm\u00e4chtigung<\/a> <a href=\"https:\/\/schulsprengel-sterzing3.it\/grundschule-mittelschule\/wp-content\/uploads\/2023\/03\/25-Ermaechtigung.pdf\">25 Erm\u00e4chtigung<\/a> <a href=\"https:\/\/schulsprengel-sterzing3.it\/grundschule-mittelschule\/wp-content\/uploads\/2023\/03\/26-Ermaechtigung.pdf\">26 Erm\u00e4chtigung<\/a> <a href=\"https:\/\/schulsprengel-sterzing3.it\/grundschule-mittelschule\/wp-content\/uploads\/2023\/03\/27-Ermaechtigung.pdf\">27 Erm\u00e4chtigung<\/a> <a href=\"https:\/\/schulsprengel-sterzing3.it\/grundschule-mittelschule\/wp-content\/uploads\/2023\/03\/28-Ermaechtigung.pdf\">28 Erm\u00e4chtigung<\/a> <a href=\"https:\/\/schulsprengel-sterzing3.it\/grundschule-mittelschule\/wp-content\/uploads\/2023\/03\/29-Ermaechtigung.pdf\">29 Erm\u00e4chtigung<\/a> <a href=\"https:\/\/schulsprengel-sterzing3.it\/grundschule-mittelschule\/wp-content\/uploads\/2023\/03\/30-Ermaechtigung.pdf\">30 Erm\u00e4chtigung<\/a> <a href=\"https:\/\/schulsprengel-sterzing3.it\/grundschule-mittelschule\/wp-content\/uploads\/2023\/03\/31-Ermaechtigung.pdf\">31 Erm\u00e4chtigung<\/a> <a href=\"https:\/\/schulsprengel-sterzing3.it\/grundschule-mittelschule\/wp-content\/uploads\/2023\/03\/32-Ermaechtigung.pdf\">32 Erm\u00e4chtigung<\/a> <a href=\"https:\/\/schulsprengel-sterzing3.it\/grundschule-mittelschule\/wp-content\/uploads\/2023\/03\/33-Ermaechtigung-.pdf\">33 Erm\u00e4chtigung\u00a0<\/a><br \/>\n<a href=\"https:\/\/schulsprengel-sterzing3.it\/grundschule-mittelschule\/wp-content\/uploads\/2023\/04\/34-Ermaechtigung.pdf\">34 Erm\u00e4chtigung<\/a> <a href=\"https:\/\/schulsprengel-sterzing3.it\/grundschule-mittelschule\/wp-content\/uploads\/2023\/04\/35-Ermaechtigung.pdf\">35 Erm\u00e4chtigung<\/a> <a href=\"https:\/\/schulsprengel-sterzing3.it\/grundschule-mittelschule\/wp-content\/uploads\/2023\/04\/36-Ermaechtigung.pdf\">36 Erm\u00e4chtigung<\/a> <a href=\"https:\/\/schulsprengel-sterzing3.it\/grundschule-mittelschule\/wp-content\/uploads\/2023\/04\/37-Ermaechtigung.pdf\">37 Erm\u00e4chtigung<\/a> <a href=\"https:\/\/schulsprengel-sterzing3.it\/grundschule-mittelschule\/wp-content\/uploads\/2023\/04\/38-Ermaechtigung.pdf\">38 Erm\u00e4chtigung<\/a> <a href=\"https:\/\/schulsprengel-sterzing3.it\/grundschule-mittelschule\/wp-content\/uploads\/2023\/04\/39-Ermaechtigung.pdf\">39 Erm\u00e4chtigung<\/a> <a href=\"https:\/\/schulsprengel-sterzing3.it\/grundschule-mittelschule\/wp-content\/uploads\/2023\/04\/40-Ermaechtigung.pdf\">40 Erm\u00e4chtigung<\/a> <a href=\"https:\/\/schulsprengel-sterzing3.it\/grundschule-mittelschule\/wp-content\/uploads\/2023\/04\/41-Ermaechtigung.pdf\">41 Erm\u00e4chtigung<\/a> <a href=\"https:\/\/schulsprengel-sterzing3.it\/grundschule-mittelschule\/wp-content\/uploads\/2023\/04\/42-Ermaechtigung.pdf\">42 Erm\u00e4chtigung<\/a> <a href=\"https:\/\/schulsprengel-sterzing3.it\/grundschule-mittelschule\/wp-content\/uploads\/2023\/04\/43-Ermaechtigung.pdf\">43 Erm\u00e4chtigung<\/a> <a href=\"https:\/\/schulsprengel-sterzing3.it\/grundschule-mittelschule\/wp-content\/uploads\/2023\/04\/44-Ermaechtigung.pdf\">44 Erm\u00e4chtigung<\/a> <a href=\"https:\/\/schulsprengel-sterzing3.it\/grundschule-mittelschule\/wp-content\/uploads\/2023\/04\/45-Ermaechtigung.pdf\">45 Erm\u00e4chtigung<\/a> <a href=\"https:\/\/schulsprengel-sterzing3.it\/grundschule-mittelschule\/wp-content\/uploads\/2023\/04\/46-Ermaechtigung.pdf\">46 Erm\u00e4chtigung<\/a> <a href=\"https:\/\/schulsprengel-sterzing3.it\/grundschule-mittelschule\/wp-content\/uploads\/2023\/04\/47-Ermaechtigung.pdf\">47 Erm\u00e4chtigung<\/a> <a href=\"https:\/\/schulsprengel-sterzing3.it\/grundschule-mittelschule\/wp-content\/uploads\/2023\/04\/48-Ermaechtigung.pdf\">48 Erm\u00e4chtigung<\/a> <a href=\"https:\/\/schulsprengel-sterzing3.it\/grundschule-mittelschule\/wp-content\/uploads\/2023\/04\/49-Ermaechtigung.pdf\">49 Erm\u00e4chtigung <\/a><a href=\"https:\/\/schulsprengel-sterzing3.it\/grundschule-mittelschule\/wp-content\/uploads\/2023\/06\/50-Ermaechtigung.pdf\">50 Erm\u00e4chtigung <\/a><a href=\"https:\/\/schulsprengel-sterzing3.it\/grundschule-mittelschule\/wp-content\/uploads\/2023\/06\/51-Ermaechtigung.pdf\">51 Erm\u00e4chtigung <\/a><a href=\"https:\/\/schulsprengel-sterzing3.it\/grundschule-mittelschule\/wp-content\/uploads\/2023\/06\/52-Ermaechtigung.pdf\">52 Erm\u00e4chtigung <\/a><a href=\"https:\/\/schulsprengel-sterzing3.it\/grundschule-mittelschule\/wp-content\/uploads\/2023\/06\/53-Ermaechtigung.pdf\">53 Erm\u00e4chtigung <\/a><a href=\"https:\/\/schulsprengel-sterzing3.it\/grundschule-mittelschule\/wp-content\/uploads\/2023\/06\/54-Ermaechtigung.pdf\">54 Erm\u00e4chtigung <\/a><a href=\"https:\/\/schulsprengel-sterzing3.it\/grundschule-mittelschule\/wp-content\/uploads\/2023\/06\/55-Ermaechtigung.pdf\">55 Erm\u00e4chtigung <\/a><a href=\"https:\/\/schulsprengel-sterzing3.it\/grundschule-mittelschule\/wp-content\/uploads\/2023\/06\/56-Ermaechtigung.pdf\">56 Erm\u00e4chtigung <\/a><a href=\"https:\/\/schulsprengel-sterzing3.it\/grundschule-mittelschule\/wp-content\/uploads\/2023\/06\/57-Ermaechtigung.pdf\">57 Erm\u00e4chtigung <\/a><a href=\"https:\/\/schulsprengel-sterzing3.it\/grundschule-mittelschule\/wp-content\/uploads\/2023\/06\/58-Ermaechtigung.pdf\">58 Erm\u00e4chtigung <\/a><a href=\"https:\/\/schulsprengel-sterzing3.it\/grundschule-mittelschule\/wp-content\/uploads\/2023\/06\/59-Ermaechtigung.pdf\">59 Erm\u00e4chtigung <\/a><a href=\"https:\/\/schulsprengel-sterzing3.it\/grundschule-mittelschule\/wp-content\/uploads\/2023\/06\/60-Ermaechtigung.pdf\">60 Erm\u00e4chtigung <\/a><a href=\"https:\/\/schulsprengel-sterzing3.it\/grundschule-mittelschule\/wp-content\/uploads\/2023\/06\/61-Ermaechtigung.pdf\">61 Erm\u00e4chtigung<\/a><a href=\"https:\/\/schulsprengel-sterzing3.it\/grundschule-mittelschule\/wp-content\/uploads\/2023\/06\/62-Ermaechtigung.pdf\">62 Erm\u00e4chtigung <\/a><a href=\"https:\/\/schulsprengel-sterzing3.it\/grundschule-mittelschule\/wp-content\/uploads\/2023\/06\/63-Ermaechtigung.pdf\">63 Erm\u00e4chtigung <\/a><a href=\"https:\/\/schulsprengel-sterzing3.it\/grundschule-mittelschule\/wp-content\/uploads\/2023\/06\/64-Ermaechtigung.pdf\">64 Erm\u00e4chtigung <\/a><a href=\"https:\/\/schulsprengel-sterzing3.it\/grundschule-mittelschule\/wp-content\/uploads\/2023\/06\/65-Ermaechtigung.pdf\">65 Erm\u00e4chtigung <\/a><a href=\"https:\/\/schulsprengel-sterzing3.it\/grundschule-mittelschule\/wp-content\/uploads\/2023\/06\/66-Ermaechtigung.pdf\">66 Erm\u00e4chtigung<\/a><a href=\"https:\/\/schulsprengel-sterzing3.it\/grundschule-mittelschule\/wp-content\/uploads\/2023\/06\/68-Ermaechtigung-PNRR.pdf\">\u00a0<\/a><a href=\"https:\/\/schulsprengel-sterzing3.it\/grundschule-mittelschule\/wp-content\/uploads\/2023\/09\/67-Ermaechtigung-PNRR.pdf\">67 Erm\u00e4chtigung PNRR <\/a><a href=\"https:\/\/schulsprengel-sterzing3.it\/grundschule-mittelschule\/wp-content\/uploads\/2023\/09\/68-Ermaechtigung-PNRR.pdf\">68 Erm\u00e4chtigung PNRR <\/a><a href=\"https:\/\/schulsprengel-sterzing3.it\/grundschule-mittelschule\/wp-content\/uploads\/2023\/09\/69-Ermaechtigung.pdf\">69 Erm\u00e4chtigung <\/a><a href=\"https:\/\/schulsprengel-sterzing3.it\/grundschule-mittelschule\/wp-content\/uploads\/2023\/09\/70-Ermaechtigung.pdf\">70 Erm\u00e4chtigung <\/a><a href=\"https:\/\/schulsprengel-sterzing3.it\/grundschule-mittelschule\/wp-content\/uploads\/2023\/09\/71-Ermaechtigung-.pdf\">71 Erm\u00e4chtigung <\/a><a href=\"https:\/\/schulsprengel-sterzing3.it\/grundschule-mittelschule\/wp-content\/uploads\/2023\/09\/72-Ermaechtigung.pdf\">72 Erm\u00e4chtigung <\/a><a href=\"https:\/\/schulsprengel-sterzing3.it\/grundschule-mittelschule\/wp-content\/uploads\/2023\/09\/73-Ermaechtigung-.pdf\">73 Erm\u00e4chtigung <\/a><a href=\"https:\/\/schulsprengel-sterzing3.it\/grundschule-mittelschule\/wp-content\/uploads\/2023\/09\/74-Ermaechtigung.pdf\">74 Erm\u00e4chtigung <\/a><a href=\"https:\/\/schulsprengel-sterzing3.it\/grundschule-mittelschule\/wp-content\/uploads\/2023\/09\/75-Ermaechtigung-.pdf\">75 Erm\u00e4chtigung <\/a><a href=\"https:\/\/schulsprengel-sterzing3.it\/grundschule-mittelschule\/wp-content\/uploads\/2023\/09\/76-Ermaechtigung-.pdf\">76 Erm\u00e4chtigung <\/a><a href=\"https:\/\/schulsprengel-sterzing3.it\/grundschule-mittelschule\/wp-content\/uploads\/2023\/09\/77-Ermaechtigung.pdf\">77 Erm\u00e4chtigung <\/a><a href=\"https:\/\/schulsprengel-sterzing3.it\/grundschule-mittelschule\/wp-content\/uploads\/2023\/09\/78-Ermaechtigung-.pdf\">78 Erm\u00e4chtigung <\/a><a href=\"https:\/\/schulsprengel-sterzing3.it\/grundschule-mittelschule\/wp-content\/uploads\/2023\/09\/79-Ermaechtigung.pdf\">79 Erm\u00e4chtigung <\/a><a href=\"https:\/\/schulsprengel-sterzing3.it\/grundschule-mittelschule\/wp-content\/uploads\/2023\/09\/80-Ermaechtigung.pdf\">80 Erm\u00e4chtigung <\/a><a href=\"https:\/\/schulsprengel-sterzing3.it\/grundschule-mittelschule\/wp-content\/uploads\/2023\/09\/81-Ermaechtigung.pdf\">81 Erm\u00e4chtigung <\/a><a href=\"https:\/\/schulsprengel-sterzing3.it\/grundschule-mittelschule\/wp-content\/uploads\/2023\/09\/82-Ermaechtigung.pdf\">82 Erm\u00e4chtigung<\/a> <a href=\"https:\/\/schulsprengel-sterzing3.it\/grundschule-mittelschule\/wp-content\/uploads\/2023\/10\/83-Ermaechtigung-1.pdf\">83 Erm\u00e4chtigung<\/a> <a href=\"https:\/\/schulsprengel-sterzing3.it\/grundschule-mittelschule\/wp-content\/uploads\/2023\/10\/84-Ermaechtigung-1.pdf\">84 Erm\u00e4chtigung<\/a> <a href=\"https:\/\/schulsprengel-sterzing3.it\/grundschule-mittelschule\/wp-content\/uploads\/2023\/10\/85-Ermaechtigung-1.pdf\">85 Erm\u00e4chtigung<\/a> <a href=\"https:\/\/schulsprengel-sterzing3.it\/grundschule-mittelschule\/wp-content\/uploads\/2023\/10\/86-Ermaechtigung-1.pdf\">86 Erm\u00e4chtigung<\/a> <a href=\"https:\/\/schulsprengel-sterzing3.it\/grundschule-mittelschule\/wp-content\/uploads\/2023\/10\/87-Ermaechtigung-.pdf\">87 Erm\u00e4chtigung<\/a> <a href=\"https:\/\/schulsprengel-sterzing3.it\/grundschule-mittelschule\/wp-content\/uploads\/2023\/10\/88-Ermaechtigung-1.pdf\">88 Erm\u00e4chtigung<\/a> <a href=\"https:\/\/schulsprengel-sterzing3.it\/grundschule-mittelschule\/wp-content\/uploads\/2023\/10\/89-Ermaechtigung-.pdf\">89 Erm\u00e4chtigung<\/a> <a href=\"https:\/\/schulsprengel-sterzing3.it\/grundschule-mittelschule\/wp-content\/uploads\/2023\/10\/90-Ermaechtigung-1.pdf\">90 Erm\u00e4chtigung<\/a> <a href=\"https:\/\/schulsprengel-sterzing3.it\/grundschule-mittelschule\/wp-content\/uploads\/2023\/10\/91-Ermaechtigung-1.pdf\">91 Erm\u00e4chtigung<\/a> <a href=\"https:\/\/schulsprengel-sterzing3.it\/grundschule-mittelschule\/wp-content\/uploads\/2023\/10\/92-Ermaechtigung-.pdf\">92 Erm\u00e4chtigung<\/a> <a href=\"https:\/\/schulsprengel-sterzing3.it\/grundschule-mittelschule\/wp-content\/uploads\/2023\/10\/93-Ermaechtigung-1.pdf\">93 Erm\u00e4chtigung<\/a> <a href=\"https:\/\/schulsprengel-sterzing3.it\/grundschule-mittelschule\/wp-content\/uploads\/2023\/10\/94-Ermaechtigung-1.pdf\">94 Erm\u00e4chtigung<\/a> <a href=\"https:\/\/schulsprengel-sterzing3.it\/grundschule-mittelschule\/wp-content\/uploads\/2023\/10\/95-Ermaechtigung-1.pdf\">95 Erm\u00e4chtigung<\/a> <a href=\"https:\/\/schulsprengel-sterzing3.it\/grundschule-mittelschule\/wp-content\/uploads\/2023\/10\/97-Ermaechtigung-1.pdf\">97 Erm\u00e4chtigung<\/a> <a href=\"https:\/\/schulsprengel-sterzing3.it\/grundschule-mittelschule\/wp-content\/uploads\/2023\/10\/98-Ermaechtiugng.pdf\">98 Erm\u00e4chtiugng<\/a> <a href=\"https:\/\/schulsprengel-sterzing3.it\/grundschule-mittelschule\/wp-content\/uploads\/2023\/10\/99-Ermaechtigung-1.pdf\">99 Erm\u00e4chtigung<\/a> <a href=\"https:\/\/schulsprengel-sterzing3.it\/grundschule-mittelschule\/wp-content\/uploads\/2023\/10\/100-Ermaechtgung.pdf\">100 Erm\u00e4chtgung<\/a> <a href=\"https:\/\/schulsprengel-sterzing3.it\/grundschule-mittelschule\/wp-content\/uploads\/2023\/10\/101-Ermaechtigung-1.pdf\">101 Erm\u00e4chtigung<\/a> <a href=\"https:\/\/schulsprengel-sterzing3.it\/grundschule-mittelschule\/wp-content\/uploads\/2023\/10\/102-Ermaechtigung-1.pdf\">102 Erm\u00e4chtigung<\/a> <a href=\"https:\/\/schulsprengel-sterzing3.it\/grundschule-mittelschule\/wp-content\/uploads\/2023\/10\/103-Ermaechtigung-1.pdf\">103 Erm\u00e4chtigung<\/a> <a href=\"https:\/\/schulsprengel-sterzing3.it\/grundschule-mittelschule\/wp-content\/uploads\/2023\/10\/104-Ermaechtigung-1.pdf\">104 Erm\u00e4chtigung<\/a> <a href=\"https:\/\/schulsprengel-sterzing3.it\/grundschule-mittelschule\/wp-content\/uploads\/2023\/10\/105-Ermaechtigung-1.pdf\">105 Erm\u00e4chtigung<\/a> <a href=\"https:\/\/schulsprengel-sterzing3.it\/grundschule-mittelschule\/wp-content\/uploads\/2023\/10\/106-Ermaechtigung-1.pdf\">106 Erm\u00e4chtigung<\/a> <a href=\"https:\/\/schulsprengel-sterzing3.it\/grundschule-mittelschule\/wp-content\/uploads\/2023\/10\/107-Ermaechtigung-1.pdf\">107 Erm\u00e4chtigung<\/a> <a href=\"https:\/\/schulsprengel-sterzing3.it\/grundschule-mittelschule\/wp-content\/uploads\/2023\/10\/108-Ermaechtigung-1.pdf\">108 Erm\u00e4chtigung\u00a0<\/a><a href=\"https:\/\/schulsprengel-sterzing3.it\/grundschule-mittelschule\/wp-content\/uploads\/2024\/01\/109-Ermaechtigung.pdf\">109 Erm\u00e4chtigung<\/a>\u00a0<a href=\"https:\/\/schulsprengel-sterzing3.it\/grundschule-mittelschule\/wp-content\/uploads\/2024\/01\/110-Ermaechtigung.pdf\">110 Erm\u00e4chtigung<\/a>\u00a0<a href=\"https:\/\/schulsprengel-sterzing3.it\/grundschule-mittelschule\/wp-content\/uploads\/2024\/01\/111-Ermaechtigung.pdf\">111 Erm\u00e4chtigung<\/a>\u00a0<a href=\"https:\/\/schulsprengel-sterzing3.it\/grundschule-mittelschule\/wp-content\/uploads\/2024\/01\/112-Ermaechtigung.pdf\">112 Erm\u00e4chtigung<\/a>\u00a0<a href=\"https:\/\/schulsprengel-sterzing3.it\/grundschule-mittelschule\/wp-content\/uploads\/2024\/01\/113-Ermaechtigung.pdf\">113 Erm\u00e4chtigung<\/a>\u00a0<a href=\"https:\/\/schulsprengel-sterzing3.it\/grundschule-mittelschule\/wp-content\/uploads\/2024\/01\/114-Ermaechtigung.pdf\">114 Erm\u00e4chtigung<\/a>\u00a0<a href=\"https:\/\/schulsprengel-sterzing3.it\/grundschule-mittelschule\/wp-content\/uploads\/2024\/01\/115-Ermaechtigung.pdf\">115 Erm\u00e4chtigung<\/a>\u00a0<a href=\"https:\/\/schulsprengel-sterzing3.it\/grundschule-mittelschule\/wp-content\/uploads\/2024\/01\/116-Ermaechtigung.pdf\">116 Erm\u00e4chtigung<\/a>\u00a0<a href=\"https:\/\/schulsprengel-sterzing3.it\/grundschule-mittelschule\/wp-content\/uploads\/2024\/01\/117-Ermaechtigung.pdf\">117 Erm\u00e4chtigung<\/a>\u00a0<a href=\"https:\/\/schulsprengel-sterzing3.it\/grundschule-mittelschule\/wp-content\/uploads\/2024\/01\/118-Ermaechtigung.pdf\">118 Erm\u00e4chtigung<\/a>\u00a0<a href=\"https:\/\/schulsprengel-sterzing3.it\/grundschule-mittelschule\/wp-content\/uploads\/2024\/01\/119-Ermaechtigung.pdf\">119 Erm\u00e4chtigung<\/a>\u00a0<a href=\"https:\/\/schulsprengel-sterzing3.it\/grundschule-mittelschule\/wp-content\/uploads\/2024\/01\/120-Ermaechtigung.pdf\">120 Erm\u00e4chtigung<\/a>\u00a0<a href=\"https:\/\/schulsprengel-sterzing3.it\/grundschule-mittelschule\/wp-content\/uploads\/2024\/01\/121-Ermaechtigung.pdf\">121 Erm\u00e4chtigung<\/a>\u00a0<a href=\"https:\/\/schulsprengel-sterzing3.it\/grundschule-mittelschule\/wp-content\/uploads\/2024\/01\/122-Ermaechtigung.pdf\">122 Erm\u00e4chtigung<\/a>\u00a0<a href=\"https:\/\/schulsprengel-sterzing3.it\/grundschule-mittelschule\/wp-content\/uploads\/2024\/01\/123-Ermaechtigung.pdf\">123 Erm\u00e4chtigung<\/a>\u00a0<a href=\"https:\/\/schulsprengel-sterzing3.it\/grundschule-mittelschule\/wp-content\/uploads\/2024\/01\/124-Ermaechtigung.pdf\">124 Erm\u00e4chtigung<\/a>\u00a0<a href=\"https:\/\/schulsprengel-sterzing3.it\/grundschule-mittelschule\/wp-content\/uploads\/2024\/01\/125-Ermaechtigung.pdf\">125 Erm\u00e4chtigung<\/a>\u00a0<a href=\"https:\/\/schulsprengel-sterzing3.it\/grundschule-mittelschule\/wp-content\/uploads\/2024\/01\/126-Ermaechtigung.pdf\">126 Erm\u00e4chtigung<\/a>\u00a0<a href=\"https:\/\/schulsprengel-sterzing3.it\/grundschule-mittelschule\/wp-content\/uploads\/2024\/01\/127-Ermaechtigung.pdf\">127 Erm\u00e4chtigung<\/a>\u00a0<a href=\"https:\/\/schulsprengel-sterzing3.it\/grundschule-mittelschule\/wp-content\/uploads\/2024\/01\/128-Ermaechtigung.pdf\">128 Erm\u00e4chtigung<\/a>\u00a0<a href=\"https:\/\/schulsprengel-sterzing3.it\/grundschule-mittelschule\/wp-content\/uploads\/2024\/01\/129-Ermaechtigung.pdf\">129 Erm\u00e4chtigung<\/a>\u00a0<a href=\"https:\/\/schulsprengel-sterzing3.it\/grundschule-mittelschule\/wp-content\/uploads\/2024\/01\/130-Ermaechtigung.pdf\">130 Erm\u00e4chtigung<\/a>\u00a0<a href=\"https:\/\/schulsprengel-sterzing3.it\/grundschule-mittelschule\/wp-content\/uploads\/2024\/01\/131-Ermaechtigung.pdf\">131 Erm\u00e4chtigung<\/a>\u00a0<a href=\"https:\/\/schulsprengel-sterzing3.it\/grundschule-mittelschule\/wp-content\/uploads\/2024\/01\/132-Ermaechtigung.pdf\">132 Erm\u00e4chtigung<\/a>\u00a0<a href=\"https:\/\/schulsprengel-sterzing3.it\/grundschule-mittelschule\/wp-content\/uploads\/2024\/01\/133-Ermaechtigung.pdf\">133 Erm\u00e4chtigung<\/a>\u00a0<a href=\"https:\/\/schulsprengel-sterzing3.it\/grundschule-mittelschule\/wp-content\/uploads\/2024\/01\/134-Ermaechtigung.pdf\">134 Erm\u00e4chtigung<\/a>\u00a0<a href=\"https:\/\/schulsprengel-sterzing3.it\/grundschule-mittelschule\/wp-content\/uploads\/2024\/01\/135-Ermaechtigung.pdf\">135 Erm\u00e4chtigung<\/a>\u00a0<a href=\"https:\/\/schulsprengel-sterzing3.it\/grundschule-mittelschule\/wp-content\/uploads\/2024\/01\/136-Ermaechtigung.pdf\">136 Erm\u00e4chtigung<\/a>\u00a0<a href=\"https:\/\/schulsprengel-sterzing3.it\/grundschule-mittelschule\/wp-content\/uploads\/2024\/01\/137-Ermaechtigung.pdf\">137 Erm\u00e4chtigung<\/a>\u00a0<a href=\"https:\/\/schulsprengel-sterzing3.it\/grundschule-mittelschule\/wp-content\/uploads\/2024\/01\/138-Ermaechtigung.pdf\">138 Erm\u00e4chtigung<\/a>\u00a0<a href=\"https:\/\/schulsprengel-sterzing3.it\/grundschule-mittelschule\/wp-content\/uploads\/2024\/01\/139-Ermaechtigung.pdf\">139 Erm\u00e4chtigung<\/a>\u00a0<a href=\"https:\/\/schulsprengel-sterzing3.it\/grundschule-mittelschule\/wp-content\/uploads\/2024\/01\/140-Ermaechtigung.pdf\">140 Erm\u00e4chtigung<\/a>\u00a0<a href=\"https:\/\/schulsprengel-sterzing3.it\/grundschule-mittelschule\/wp-content\/uploads\/2024\/01\/141-Ermaechtigung-.pdf\">141 Erm\u00e4chtigung<\/a>\u00a0<a href=\"https:\/\/schulsprengel-sterzing3.it\/grundschule-mittelschule\/wp-content\/uploads\/2024\/01\/142-Ermaechtigung.pdf\">142 Erm\u00e4chtigung<\/a>\u00a0<a href=\"https:\/\/schulsprengel-sterzing3.it\/grundschule-mittelschule\/wp-content\/uploads\/2024\/01\/143-Ermaechtigung.pdf\">143 Erm\u00e4chtigung<\/a><\/p>\n","protected":false},"excerpt":{"rendered":"<p>01 Erm\u00e4chtigung 02 Erm\u00e4chtigung 03 Erm\u00e4chtigung 04 Erm\u00e4chtigung 06 Erm\u00e4chtigung 05 Erm\u00e4chtigung 07 Erm\u00e4chtigung 08 Erm\u00e4chtigung 09 Erm\u00e4chtigung 10 Erm\u00e4chtigung 11 Erm\u00e4chtigung 12 Erm\u00e4chtigung 13 Erm\u00e4chtigung 14 Erm\u00e4chtigung 16 Erm\u00e4chtigung 15 Erm\u00e4chtigung 17 Erm\u00e4chtigung18 Erm\u00e4chtigung 19 Erm\u00e4chtigung 20 Erm\u00e4chtigung 21 Erm\u00e4chtigung 22 Erm\u00e4chtigung 23 Erm\u00e4chtigung 24 Erm\u00e4chtigung 25 Erm\u00e4chtigung 26 Erm\u00e4chtigung 27 Erm\u00e4chtigung 28 Erm\u00e4chtigung [&hellip;]<\/p>\n","protected":false},"author":1,"featured_media":0,"parent":1514,"menu_order":0,"comment_status":"closed","ping_status":"closed","template":"","meta":{"footnotes":""},"class_list":["post-5233","page","type-page","status-publish","hentry"],"_links":{"self":[{"href":"https:\/\/schulsprengel-sterzing3.it\/grundschule-mittelschule\/wp-json\/wp\/v2\/pages\/5233","targetHints":{"allow":["GET"]}}],"collection":[{"href":"https:\/\/schulsprengel-sterzing3.it\/grundschule-mittelschule\/wp-json\/wp\/v2\/pages"}],"about":[{"href":"https:\/\/schulsprengel-sterzing3.it\/grundschule-mittelschule\/wp-json\/wp\/v2\/types\/page"}],"author":[{"embeddable":true,"href":"https:\/\/schulsprengel-sterzing3.it\/grundschule-mittelschule\/wp-json\/wp\/v2\/users\/1"}],"replies":[{"embeddable":true,"href":"https:\/\/schulsprengel-sterzing3.it\/grundschule-mittelschule\/wp-json\/wp\/v2\/comments?post=5233"}],"version-history":[{"count":10,"href":"https:\/\/schulsprengel-sterzing3.it\/grundschule-mittelschule\/wp-json\/wp\/v2\/pages\/5233\/revisions"}],"predecessor-version":[{"id":6201,"href":"https:\/\/schulsprengel-sterzing3.it\/grundschule-mittelschule\/wp-json\/wp\/v2\/pages\/5233\/revisions\/6201"}],"up":[{"embeddable":true,"href":"https:\/\/schulsprengel-sterzing3.it\/grundschule-mittelschule\/wp-json\/wp\/v2\/pages\/1514"}],"wp:attachment":[{"href":"https:\/\/schulsprengel-sterzing3.it\/grundschule-mittelschule\/wp-json\/wp\/v2\/media?parent=5233"}],"curies":[{"name":"wp","href":"https:\/\/api.w.org\/{rel}","templated":true}]}}