{"id":5651,"date":"2023-09-12T19:34:27","date_gmt":"2023-09-12T17:34:27","guid":{"rendered":"https:\/\/schulsprengel-sterzing3.it\/grundschule-mittelschule\/?page_id=5651"},"modified":"2023-09-26T16:17:06","modified_gmt":"2023-09-26T14:17:06","slug":"wettbewerbe","status":"publish","type":"page","link":"https:\/\/schulsprengel-sterzing3.it\/grundschule-mittelschule\/transparente-verwaltung\/wettbewerbe\/","title":{"rendered":"Wettbewerbe"},"content":{"rendered":"<h4>Bezeichnung Unterbereich 2. Ebene \/ Hinweis Bestimmungen des GvD Nr. 33\/2013<br \/>\nArt. 19<\/h4>\n<ul>\n<li><a href=\"http:\/\/www.provinz.bz.it\/de\/transparente-verwaltung\/wettbewerbe.asp\">F\u00fcr die Wettbewerbe des Verwaltungspersonals sowie f\u00fcr das Lehrpersonal der Berufs- und Fachschulen:<\/a><\/li>\n<li><a href=\"https:\/\/www.provinz.bz.it\/bildung-sprache\/deutschsprachige-schule\/bildungsverwaltung\/ranglisten.asp\">F\u00fcr die Aufnahme des Lehrpersonals (Landes- und Schulranglisten)<\/a><\/li>\n<li><a href=\"https:\/\/www.provinz.bz.it\/bildung-sprache\/deutschsprachige-schule\/bildungsverwaltung\/wettbewerbe.asp\">Wettbewerbe f\u00fcr das Lehrpersonal und Wettbewerbe f\u00fcr Schulf\u00fchrungskr\u00e4fte<\/a><\/li>\n<\/ul>\n","protected":false},"excerpt":{"rendered":"<p>Bezeichnung Unterbereich 2. Ebene \/ Hinweis Bestimmungen des GvD Nr. 33\/2013 Art. 19 F\u00fcr die Wettbewerbe des Verwaltungspersonals sowie f\u00fcr das Lehrpersonal der Berufs- und Fachschulen: F\u00fcr die Aufnahme des Lehrpersonals (Landes- und Schulranglisten) Wettbewerbe f\u00fcr das Lehrpersonal und Wettbewerbe f\u00fcr Schulf\u00fchrungskr\u00e4fte<\/p>\n","protected":false},"author":1,"featured_media":0,"parent":860,"menu_order":0,"comment_status":"closed","ping_status":"closed","template":"","meta":{"footnotes":""},"class_list":["post-5651","page","type-page","status-publish","hentry"],"_links":{"self":[{"href":"https:\/\/schulsprengel-sterzing3.it\/grundschule-mittelschule\/wp-json\/wp\/v2\/pages\/5651","targetHints":{"allow":["GET"]}}],"collection":[{"href":"https:\/\/schulsprengel-sterzing3.it\/grundschule-mittelschule\/wp-json\/wp\/v2\/pages"}],"about":[{"href":"https:\/\/schulsprengel-sterzing3.it\/grundschule-mittelschule\/wp-json\/wp\/v2\/types\/page"}],"author":[{"embeddable":true,"href":"https:\/\/schulsprengel-sterzing3.it\/grundschule-mittelschule\/wp-json\/wp\/v2\/users\/1"}],"replies":[{"embeddable":true,"href":"https:\/\/schulsprengel-sterzing3.it\/grundschule-mittelschule\/wp-json\/wp\/v2\/comments?post=5651"}],"version-history":[{"count":3,"href":"https:\/\/schulsprengel-sterzing3.it\/grundschule-mittelschule\/wp-json\/wp\/v2\/pages\/5651\/revisions"}],"predecessor-version":[{"id":5695,"href":"https:\/\/schulsprengel-sterzing3.it\/grundschule-mittelschule\/wp-json\/wp\/v2\/pages\/5651\/revisions\/5695"}],"up":[{"embeddable":true,"href":"https:\/\/schulsprengel-sterzing3.it\/grundschule-mittelschule\/wp-json\/wp\/v2\/pages\/860"}],"wp:attachment":[{"href":"https:\/\/schulsprengel-sterzing3.it\/grundschule-mittelschule\/wp-json\/wp\/v2\/media?parent=5651"}],"curies":[{"name":"wp","href":"https:\/\/api.w.org\/{rel}","templated":true}]}}

<h4>Bezeichnung Unterbereich 2. Ebene / Hinweis Bestimmungen des GvD Nr. 33/2013<br />
Art. 19</h4>
<ul>
<li><a href="http://www.provinz.bz.it/de/transparente-verwaltung/wettbewerbe.asp">Für die Wettbewerbe des Verwaltungspersonals sowie für das Lehrpersonal der Berufs- und Fachschulen:</a></li>
<li><a href="https://www.provinz.bz.it/bildung-sprache/deutschsprachige-schule/bildungsverwaltung/ranglisten.asp">Für die Aufnahme des Lehrpersonals (Landes- und Schulranglisten)</a></li>
<li><a href="https://www.provinz.bz.it/bildung-sprache/deutschsprachige-schule/bildungsverwaltung/wettbewerbe.asp">Wettbewerbe für das Lehrpersonal und Wettbewerbe für Schulführungskräfte</a></li>
</ul>

<p>Bezeichnung Unterbereich 2. Ebene / Hinweis Bestimmungen des GvD Nr. 33/2013 Art. 19 Für die Wettbewerbe des Verwaltungspersonals sowie für das Lehrpersonal der Berufs- und Fachschulen: Für die Aufnahme des Lehrpersonals (Landes- und Schulranglisten) Wettbewerbe für das Lehrpersonal und Wettbewerbe für Schulführungskräfte</p>
